{"id":28281,"date":"2019-05-23T14:48:36","date_gmt":"2019-05-23T12:48:36","guid":{"rendered":"https:\/\/editions-b42.com\/produit\/frederic-teschner-en\/"},"modified":"2019-05-23T14:48:36","modified_gmt":"2019-05-23T12:48:36","slug":"frederic-teschner-en","status":"publish","type":"product","link":"https:\/\/editions-b42.com\/en\/produit\/frederic-teschner-en\/","title":{"rendered":"FR\u00c9D\u00c9RIC TESCHNER"},"content":{"rendered":"<p>Fr\u00e9d\u00e9ric Teschner was a French graphic designer who left his mark on the world of graphic design. Born in 1972, Fr\u00e9d\u00e9ric Teschner graduated from the \u00c9cole nationale sup\u00e9rieure des arts d\u00e9coratifs in Paris in 1997 and trained with such figures as Pierre Bernard \u2013 for whom he worked at the Atelier de cr\u00e9ation graphique \u2013 and Pierre di Sciullo. From opening his own studio in 2002 to his sudden passing in 2016, he consistently blended various influences in his work, thus establishing a strongly personal graphic signature. He left a mark on a whole generation of graphic designers. He always showed a keen interest in work relationships, which he liked to develop with his various partners in the context of commissioned works. He undertook both commissioned works and personal projects and was constantly switching from one to the other.<\/p>\n<p>The book shows a selection of different projects and objects which were designed by Fr\u00e9d\u00e9ric Teschner during his career. His work is presented through original photographs taken by Morgane Le Gall. In order to understand his work and his approach, personalities who collaborated or assisted Teschner during his career were commissioned to write thirteen texts. To highlight his concern for printing techniques, a 1-scale-printed sample, using blue-back poster paper, is inserted at the end of each book, making every copy unique.<\/p>\n","protected":false},"excerpt":{"rendered":"<p>Fr\u00e9d\u00e9ric Teschner was a French graphic designer who left his mark on the world of graphic design. Born in 1972, Fr\u00e9d\u00e9ric Teschner graduated from the \u00c9cole nationale sup\u00e9rieure des arts d\u00e9coratifs in Paris in 1997 and trained with such figures as Pierre Bernard \u2013 for whom he worked at the Atelier de cr\u00e9ation graphique \u2013 [&hellip;]<\/p>\n","protected":false},"featured_media":26161,"template":"","meta":{"_acf_changed":false,"_seopress_robots_primary_cat":"none","_seopress_titles_title":"","_seopress_titles_desc":"","_seopress_robots_index":""},"product_brand":[],"product_cat":[698,491,680,693,520,529,670,538,677,559,573,581,592,629,627,626,656],"product_tag":[],"class_list":{"0":"post-28281","1":"product","2":"type-product","3":"status-publish","4":"has-post-thumbnail","6":"product_cat-alexandre-dimos","7":"product_cat-auteurs-en","8":"product_cat-livre-en","9":"product_cat-livres-revues-en","10":"product_cat-macel-en","11":"product_cat-dubois-en","12":"product_cat-bernard-en","13":"product_cat-mellier-en","14":"product_cat-design-graphique-en","15":"product_cat-grandidier-en","16":"product_cat-patkai-en","17":"product_cat-sturacci-en","18":"product_cat-levy-en","19":"product_cat-di-sciullo-en","20":"product_cat-gonzalez-en","21":"product_cat-cachard-en","22":"product_cat-pinter-en","24":"first","25":"instock","26":"taxable","27":"shipping-taxable","28":"purchasable","29":"product-type-variable"},"acf":[],"jetpack_sharing_enabled":true,"_links":{"self":[{"href":"https:\/\/editions-b42.com\/en\/wp-json\/wp\/v2\/product\/28281","targetHints":{"allow":["GET"]}}],"collection":[{"href":"https:\/\/editions-b42.com\/en\/wp-json\/wp\/v2\/product"}],"about":[{"href":"https:\/\/editions-b42.com\/en\/wp-json\/wp\/v2\/types\/product"}],"wp:featuredmedia":[{"embeddable":true,"href":"https:\/\/editions-b42.com\/en\/wp-json\/wp\/v2\/media\/26161"}],"wp:attachment":[{"href":"https:\/\/editions-b42.com\/en\/wp-json\/wp\/v2\/media?parent=28281"}],"wp:term":[{"taxonomy":"product_brand","embeddable":true,"href":"https:\/\/editions-b42.com\/en\/wp-json\/wp\/v2\/product_brand?post=28281"},{"taxonomy":"product_cat","embeddable":true,"href":"https:\/\/editions-b42.com\/en\/wp-json\/wp\/v2\/product_cat?post=28281"},{"taxonomy":"product_tag","embeddable":true,"href":"https:\/\/editions-b42.com\/en\/wp-json\/wp\/v2\/product_tag?post=28281"}],"curies":[{"name":"wp","href":"https:\/\/api.w.org\/{rel}","templated":true}]}}

FRÉDÉRIC TESCHNER

<p>Frédéric Teschner was a French graphic designer who left his mark on the world of graphic design. Born in 1972, Frédéric Teschner graduated from the École nationale supérieure des arts décoratifs in Paris in 1997 and trained with such figures as Pierre Bernard – for whom he worked at the Atelier de création graphique – and Pierre di Sciullo. From opening his own studio in 2002 to his sudden passing in 2016, he consistently blended various influences in his work, thus establishing a strongly personal graphic signature. He left a mark on a whole generation of graphic designers. He always showed a keen interest in work relationships, which he liked to develop with his various partners in the context of commissioned works. He undertook both commissioned works and personal projects and was constantly switching from one to the other.</p>
<p>The book shows a selection of different projects and objects which were designed by Frédéric Teschner during his career. His work is presented through original photographs taken by Morgane Le Gall. In order to understand his work and his approach, personalities who collaborated or assisted Teschner during his career were commissioned to write thirteen texts. To highlight his concern for printing techniques, a 1-scale-printed sample, using blue-back poster paper, is inserted at the end of each book, making every copy unique.</p>

<p>Frédéric Teschner was a French graphic designer who left his mark on the world of graphic design. Born in 1972, Frédéric Teschner graduated from the École nationale supérieure des arts décoratifs in Paris in 1997 and trained with such figures as Pierre Bernard – for whom he worked at the Atelier de création graphique – [&hellip;]</p>
